[INFO] cloning repository https://github.com/EOstling/develUp
[INFO] running `Command { std: "git" "-c" "credential.helper=" "-c" "credential.helper=/workspace/cargo-home/bin/git-credential-null" "clone" "--bare" "https://github.com/EOstling/develUp" "/workspace/cache/git-repos/https%3A%2F%2Fgithub.com%2FEOstling%2FdevelUp", kill_on_drop: false }`
[INFO] [stderr] Cloning into bare repository '/workspace/cache/git-repos/https%3A%2F%2Fgithub.com%2FEOstling%2FdevelUp'...
[INFO] running `Command { std: "git" "rev-parse" "HEAD", kill_on_drop: false }`
[INFO] [stdout] b8618a033e0a77cd0fb89edf1a36c356f1fb5a7f
[INFO] checking EOstling/develUp against master#af3c6e733a40e671550e0f0f5aeecaa13772ba56 for pr-74989
[INFO] running `Command { std: "git" "clone" "/workspace/cache/git-repos/https%3A%2F%2Fgithub.com%2FEOstling%2FdevelUp" "/workspace/builds/worker-0/source", kill_on_drop: false }`
[INFO] [stderr] Cloning into '/workspace/builds/worker-0/source'...
[INFO] [stderr] done.
[INFO] validating manifest of git repo https://github.com/EOstling/develUp on toolchain af3c6e733a40e671550e0f0f5aeecaa13772ba56
[INFO] running `Command { std: "/workspace/cargo-home/bin/cargo" "+af3c6e733a40e671550e0f0f5aeecaa13772ba56" "read-manifest" "--manifest-path" "Cargo.toml", kill_on_drop: false }`
[INFO] started tweaking git repo https://github.com/EOstling/develUp
[INFO] finished tweaking git repo https://github.com/EOstling/develUp
[INFO] tweaked toml for git repo https://github.com/EOstling/develUp written to /workspace/builds/worker-0/source/Cargo.toml
[INFO] crate git repo https://github.com/EOstling/develUp already has a lockfile, it will not be regenerated
[INFO] running `Command { std: "/workspace/cargo-home/bin/cargo" "+af3c6e733a40e671550e0f0f5aeecaa13772ba56" "fetch" "--locked" "--manifest-path" "Cargo.toml", kill_on_drop: false }`
[INFO] [stderr] error: the lock file /workspace/builds/worker-0/source/Cargo.lock needs to be updated but --locked was passed to prevent this
[INFO] [stderr] If you want to try to generate the lock file without accessing the network, use the --offline flag.
[INFO] the lockfile is outdated, regenerating it
[INFO] running `Command { std: "/workspace/cargo-home/bin/cargo" "+af3c6e733a40e671550e0f0f5aeecaa13772ba56" "generate-lockfile" "--manifest-path" "Cargo.toml" "-Zno-index-update", kill_on_drop: false }`
[INFO] running `Command { std: "/workspace/cargo-home/bin/cargo" "+af3c6e733a40e671550e0f0f5aeecaa13772ba56" "fetch" "--locked" "--manifest-path" "Cargo.toml", kill_on_drop: false }`
[INFO] running `Command { std: "docker" "create" "-v" "/var/lib/crater-agent-workspace/builds/worker-0/target:/opt/rustwide/target:rw,Z" "-v" "/var/lib/crater-agent-workspace/builds/worker-0/source:/opt/rustwide/workdir:ro,Z" "-v" "/var/lib/crater-agent-workspace/cargo-home:/opt/rustwide/cargo-home:ro,Z" "-v" "/var/lib/crater-agent-workspace/rustup-home:/opt/rustwide/rustup-home:ro,Z" "-e" "SOURCE_DIR=/opt/rustwide/workdir" "-e" "CARGO_TARGET_DIR=/opt/rustwide/target" "-e" "CARGO_HOME=/opt/rustwide/cargo-home" "-e" "RUSTUP_HOME=/opt/rustwide/rustup-home" "-w" "/opt/rustwide/workdir" "-m" "1610612736" "--user" "0:0" "--network" "none" "rustops/crates-build-env@sha256:d92eaeed33fa75130ca1ee6c8a01d1ffb62bac859dfdfb3450e3e5d1c0146529" "/opt/rustwide/cargo-home/bin/cargo" "+af3c6e733a40e671550e0f0f5aeecaa13772ba56" "metadata" "--no-deps" "--format-version=1", kill_on_drop: false }`
[INFO] [stderr] WARNING: Your kernel does not support swap limit capabilities or the cgroup is not mounted. Memory limited without swap.
[INFO] [stdout] 319c8a63ef29b1dc03d812efe2e670b9d6555d50edf84171f9aa479765c28817
[INFO] running `Command { std: "docker" "start" "-a" "319c8a63ef29b1dc03d812efe2e670b9d6555d50edf84171f9aa479765c28817", kill_on_drop: false }`
[INFO] running `Command { std: "docker" "inspect" "319c8a63ef29b1dc03d812efe2e670b9d6555d50edf84171f9aa479765c28817", kill_on_drop: false }`
[INFO] running `Command { std: "docker" "rm" "-f" "319c8a63ef29b1dc03d812efe2e670b9d6555d50edf84171f9aa479765c28817", kill_on_drop: false }`
[INFO] [stdout] 319c8a63ef29b1dc03d812efe2e670b9d6555d50edf84171f9aa479765c28817
[INFO] running `Command { std: "docker" "create" "-v" "/var/lib/crater-agent-workspace/builds/worker-0/target:/opt/rustwide/target:rw,Z" "-v" "/var/lib/crater-agent-workspace/builds/worker-0/source:/opt/rustwide/workdir:ro,Z" "-v" "/var/lib/crater-agent-workspace/cargo-home:/opt/rustwide/cargo-home:ro,Z" "-v" "/var/lib/crater-agent-workspace/rustup-home:/opt/rustwide/rustup-home:ro,Z" "-e" "SOURCE_DIR=/opt/rustwide/workdir" "-e" "CARGO_TARGET_DIR=/opt/rustwide/target" "-e" "CARGO_INCREMENTAL=0" "-e" "RUST_BACKTRACE=full" "-e" "RUSTFLAGS=--cap-lints=forbid" "-e" "CARGO_HOME=/opt/rustwide/cargo-home" "-e" "RUSTUP_HOME=/opt/rustwide/rustup-home" "-w" "/opt/rustwide/workdir" "-m" "1610612736" "--user" "0:0" "--network" "none" "rustops/crates-build-env@sha256:d92eaeed33fa75130ca1ee6c8a01d1ffb62bac859dfdfb3450e3e5d1c0146529" "/opt/rustwide/cargo-home/bin/cargo" "+af3c6e733a40e671550e0f0f5aeecaa13772ba56" "check" "--frozen" "--all" "--all-targets" "--message-format=json", kill_on_drop: false }`
[INFO] [stdout] 2564d1236f5e17a5210f7e6291359ceddbb88d1a4d85a0214ff0857eacb665e8
[INFO] [stderr] WARNING: Your kernel does not support swap limit capabilities or the cgroup is not mounted. Memory limited without swap.
[INFO] running `Command { std: "docker" "start" "-a" "2564d1236f5e17a5210f7e6291359ceddbb88d1a4d85a0214ff0857eacb665e8", kill_on_drop: false }`
[INFO] [stderr]    Compiling libc v0.2.77
[INFO] [stderr]     Checking cfg-if v0.1.10
[INFO] [stderr]    Compiling autocfg v1.0.1
[INFO] [stderr]    Compiling log v0.4.11
[INFO] [stderr]     Checking lazy_static v1.4.0
[INFO] [stderr]    Compiling proc-macro2 v1.0.21
[INFO] [stderr]    Compiling unicode-xid v0.2.1
[INFO] [stderr]    Compiling syn v1.0.40
[INFO] [stderr]    Compiling getrandom v0.1.15
[INFO] [stderr]    Compiling regex-syntax v0.6.18
[INFO] [stderr]     Checking itoa v0.4.6
[INFO] [stderr]    Compiling serde_derive v1.0.116
[INFO] [stderr]    Compiling serde v1.0.116
[INFO] [stderr]     Checking copyless v0.1.5
[INFO] [stderr]    Compiling proc-macro-hack v0.5.18
[INFO] [stderr]    Compiling ryu v1.0.5
[INFO] [stderr]     Checking ppv-lite86 v0.2.9
[INFO] [stderr]    Compiling encoding_rs v0.8.24
[INFO] [stderr]     Checking hashbrown v0.9.0
[INFO] [stderr]    Compiling bitflags v1.2.1
[INFO] [stderr]     Checking actix-service v0.4.2
[INFO] [stderr]     Checking rand_core v0.3.1
[INFO] [stderr]    Compiling thread_local v1.0.1
[INFO] [stderr]     Checking rand_hc v0.1.0
[INFO] [stderr]     Checking rand_isaac v0.1.1
[INFO] [stderr]     Checking rand_xorshift v0.1.1
[INFO] [stderr]     Checking crc32fast v1.2.0
[INFO] [stderr]    Compiling aho-corasick v0.7.13
[INFO] [stderr]     Checking rand_chacha v0.1.1
[INFO] [stderr]     Checking url v1.7.2
[INFO] [stderr]    Compiling syn v0.15.44
[INFO] [stderr]     Checking regex v1.3.9
[INFO] [stderr]    Compiling crossbeam-utils v0.7.2
[INFO] [stderr]    Compiling miniz_oxide v0.4.2
[INFO] [stderr]    Compiling num-traits v0.2.12
[INFO] [stderr]    Compiling num-integer v0.1.43
[INFO] [stderr]    Compiling indexmap v1.6.0
[INFO] [stderr]    Compiling quote v1.0.7
[INFO] [stderr]     Checking iovec v0.1.4
[INFO] [stderr]     Checking parking_lot_core v0.6.2
[INFO] [stderr]     Checking net2 v0.2.35
[INFO] [stderr]     Checking num_cpus v1.13.0
[INFO] [stderr]     Checking rand_os v0.1.3
[INFO] [stderr]     Checking socket2 v0.3.15
[INFO] [stderr]     Checking hostname v0.3.1
[INFO] [stderr]     Checking time v0.1.44
[INFO] [stderr]     Checking miniz-sys v0.1.12
[INFO] [stderr]     Checking signal-hook-registry v1.2.1
[INFO] [stderr]     Checking brotli-sys v0.3.2
[INFO] [stderr]     Checking tokio-executor v0.1.10
[INFO] [stderr]     Checking bytes v0.4.12
[INFO] [stderr]    Compiling const-random-macro v0.1.8
[INFO] [stderr]     Checking threadpool v1.8.1
[INFO] [stderr]     Checking backtrace v0.3.50
[INFO] [stderr]     Checking rand v0.6.5
[INFO] [stderr]     Checking parking_lot v0.9.0
[INFO] [stderr]     Checking resolv-conf v0.6.3
[INFO] [stderr]     Checking mio v0.6.22
[INFO] [stderr]     Checking flate2 v1.0.17
[INFO] [stderr]     Checking brotli2 v0.3.2
[INFO] [stderr]     Checking rand_core v0.5.1
[INFO] [stderr]     Checking tokio-timer v0.2.13
[INFO] [stderr]     Checking tokio-current-thread v0.1.7
[INFO] [stderr]     Checking tokio-io v0.1.13
[INFO] [stderr]     Checking http v0.1.21
[INFO] [stderr]     Checking string v0.2.1
[INFO] [stderr]     Checking rand_chacha v0.2.2
[INFO] [stderr]     Checking const-random v0.1.8
[INFO] [stderr]     Checking ahash v0.2.18
[INFO] [stderr]     Checking chrono v0.4.15
[INFO] [stderr]     Checking rand v0.7.3
[INFO] [stderr]     Checking mio-uds v0.6.8
[INFO] [stderr]     Checking hashbrown v0.6.3
[INFO] [stderr]     Checking tokio-reactor v0.1.12
[INFO] [stderr]     Checking tokio-codec v0.1.2
[INFO] [stderr]     Checking actix-codec v0.1.2
[INFO] [stderr]     Checking actix-utils v0.4.7
[INFO] [stderr]     Checking tokio-tcp v0.1.4
[INFO] [stderr]     Checking tokio-udp v0.1.6
[INFO] [stderr]     Checking tokio-signal v0.2.9
[INFO] [stderr]     Checking actix-server-config v0.1.2
[INFO] [stderr]     Checking h2 v0.1.26
[INFO] [stderr]    Compiling enum-as-inner v0.2.1
[INFO] [stderr]    Compiling derive_more v0.15.0
[INFO] [stderr]    Compiling synstructure v0.12.4
[INFO] [stderr]    Compiling failure_derive v0.1.8
[INFO] [stderr]    Compiling actix-web-codegen v0.1.3
[INFO] [stderr]     Checking actix-threadpool v0.1.2
[INFO] [stderr]     Checking actix-rt v0.2.6
[INFO] [stderr]     Checking actix-server v0.6.1
[INFO] [stderr]     Checking actix-testing v0.1.0
[INFO] [stderr]     Checking failure v0.1.8
[INFO] [stderr]     Checking trust-dns-proto v0.7.4
[INFO] [stderr]     Checking trust-dns-resolver v0.11.1
[INFO] [stderr]     Checking actix-connect v0.2.5
[INFO] [stderr]     Checking serde_json v1.0.57
[INFO] [stderr]     Checking serde_urlencoded v0.6.1
[INFO] [stderr]     Checking actix-router v0.1.5
[INFO] [stderr]     Checking actix-http v0.2.11
[INFO] [stderr]     Checking awc v0.2.8
[INFO] [stderr]     Checking actix-web v1.0.9
[INFO] [stderr]     Checking develUp v0.1.0 (/opt/rustwide/workdir)
[INFO] [stdout] error: expected expression, found `.`
[INFO] [stdout]   --> src/main.rs:34:5
[INFO] [stdout]    |
[INFO] [stdout] 34 |     .bind("127.0.0.1:8088")
[INFO] [stdout]    |     ^ expected expression
[INFO] [stdout] 
[INFO] [stdout] 
[INFO] [stdout] error: expected expression, found `.`
[INFO] [stdout]   --> src/main.rs:34:5
[INFO] [stdout]    |
[INFO] [stdout] 34 |     .bind("127.0.0.1:8088")
[INFO] [stdout]    |     ^ expected expression
[INFO] [stdout] 
[INFO] [stdout] 
[INFO] [stdout] error[E0423]: expected function, found macro `format`
[INFO] [stdout]   --> src/main.rs:24:5
[INFO] [stdout]    |
[INFO] [stdout] 24 |     format(app_name);
[INFO] [stdout]    |     ^^^^^^ not a function
[INFO] [stdout]    |
[INFO] [stdout] help: use `!` to invoke the macro
[INFO] [stdout]    |
[INFO] [stdout] 24 |     format!(app_name);
[INFO] [stdout]    |           ^
[INFO] [stdout] help: consider importing one of these items instead
[INFO] [stdout]    |
[INFO] [stdout] 2  | use crate::web::json::fmt::format;
[INFO] [stdout]    |
[INFO] [stdout] 2  | use serde::export::fmt::format;
[INFO] [stdout]    |
[INFO] [stdout] 2  | use std::fmt::format;
[INFO] [stdout]    |
[INFO] [stdout] 
[INFO] [stdout] 
[INFO] [stdout] error[E0425]: cannot find value `index` in this scope
[INFO] [stdout]   --> src/main.rs:30:39
[INFO] [stdout]    |
[INFO] [stdout] 30 |             .route("/", web::get().to(index))
[INFO] [stdout]    |                                       ^^^^^ not found in this scope
[INFO] [stdout] 
[INFO] [stdout] 
[INFO] [stdout] error[E0425]: cannot find value `indexs` in this scope
[INFO] [stdout]   --> src/main.rs:31:44
[INFO] [stdout]    |
[INFO] [stdout] 31 |             .route("/about", web::get().to(indexs))
[INFO] [stdout]    |                                            ^^^^^^ not found in this scope
[INFO] [stdout] 
[INFO] [stdout] 
[INFO] [stdout] warning: unused import: `std::sync::Mutex`
[INFO] [stdout]  --> src/main.rs:3:5
[INFO] [stdout]   |
[INFO] [stdout] 3 | use std::sync::Mutex;
[INFO] [stdout]   |     ^^^^^^^^^^^^^^^^
[INFO] [stdout]   |
[INFO] [stdout]   = note: `#[warn(unused_imports)]` on by default
[INFO] [stdout] 
[INFO] [stdout] 
[INFO] [stdout] error[E0423]: expected function, found macro `format`
[INFO] [stdout]   --> src/main.rs:24:5
[INFO] [stdout]    |
[INFO] [stdout] 24 |     format(app_name);
[INFO] [stdout]    |     ^^^^^^ not a function
[INFO] [stdout]    |
[INFO] [stdout] help: use `!` to invoke the macro
[INFO] [stdout]    |
[INFO] [stdout] 24 |     format!(app_name);
[INFO] [stdout]    |           ^
[INFO] [stdout] help: consider importing one of these items instead
[INFO] [stdout]    |
[INFO] [stdout] 2  | use crate::web::json::fmt::format;
[INFO] [stdout]    |
[INFO] [stdout] 2  | use serde::export::fmt::format;
[INFO] [stdout]    |
[INFO] [stdout] 2  | use std::fmt::format;
[INFO] [stdout]    |
[INFO] [stdout] 
[INFO] [stdout] 
[INFO] [stdout] error[E0425]: cannot find value `index` in this scope
[INFO] [stdout]   --> src/main.rs:30:39
[INFO] [stdout]    |
[INFO] [stdout] 30 |             .route("/", web::get().to(index))
[INFO] [stdout]    |                                       ^^^^^ not found in this scope
[INFO] [stdout] 
[INFO] [stdout] 
[INFO] [stdout] error[E0425]: cannot find value `indexs` in this scope
[INFO] [stdout]   --> src/main.rs:31:44
[INFO] [stdout]    |
[INFO] [stdout] 31 |             .route("/about", web::get().to(indexs))
[INFO] [stdout]    |                                            ^^^^^^ not found in this scope
[INFO] [stdout] 
[INFO] [stdout] 
[INFO] [stdout] warning: unused import: `std::sync::Mutex`
[INFO] [stdout]  --> src/main.rs:3:5
[INFO] [stdout]   |
[INFO] [stdout] 3 | use std::sync::Mutex;
[INFO] [stdout]   |     ^^^^^^^^^^^^^^^^
[INFO] [stdout]   |
[INFO] [stdout]   = note: `#[warn(unused_imports)]` on by default
[INFO] [stdout] 
[INFO] [stdout] 
[INFO] [stdout] error[E0308]: mismatched types
[INFO] [stdout]   --> src/main.rs:22:38
[INFO] [stdout]    |
[INFO] [stdout] 22 | fn test(data: web::Data<AppState>)-> String{
[INFO] [stdout]    |    ----                              ^^^^^^ expected struct `String`, found `()`
[INFO] [stdout]    |    |
[INFO] [stdout]    |    implicitly returns `()` as its body has no tail or `return` expression
[INFO] [stdout] 
[INFO] [stdout] 
[INFO] [stdout] error: aborting due to 5 previous errors; 1 warning emitted
[INFO] [stdout] 
[INFO] [stdout] 
[INFO] [stdout] Some errors have detailed explanations: E0308, E0423, E0425.
[INFO] [stdout] 
[INFO] [stdout] For more information about an error, try `rustc --explain E0308`.
[INFO] [stdout] 
[INFO] [stderr] error: could not compile `develUp`.
[INFO] [stderr] 
[INFO] [stderr] To learn more, run the command again with --verbose.
[INFO] [stderr] warning: build failed, waiting for other jobs to finish...
[INFO] [stdout] error[E0308]: mismatched types
[INFO] [stdout]   --> src/main.rs:22:38
[INFO] [stdout]    |
[INFO] [stdout] 22 | fn test(data: web::Data<AppState>)-> String{
[INFO] [stdout]    |    ----                              ^^^^^^ expected struct `String`, found `()`
[INFO] [stdout]    |    |
[INFO] [stdout]    |    implicitly returns `()` as its body has no tail or `return` expression
[INFO] [stdout] 
[INFO] [stdout] 
[INFO] [stdout] error: aborting due to 5 previous errors; 1 warning emitted
[INFO] [stdout] 
[INFO] [stdout] 
[INFO] [stdout] Some errors have detailed explanations: E0308, E0423, E0425.
[INFO] [stdout] 
[INFO] [stdout] For more information about an error, try `rustc --explain E0308`.
[INFO] [stdout] 
[INFO] [stderr] error: build failed
[INFO] running `Command { std: "docker" "inspect" "2564d1236f5e17a5210f7e6291359ceddbb88d1a4d85a0214ff0857eacb665e8", kill_on_drop: false }`
[INFO] running `Command { std: "docker" "rm" "-f" "2564d1236f5e17a5210f7e6291359ceddbb88d1a4d85a0214ff0857eacb665e8", kill_on_drop: false }`
[INFO] [stdout] 2564d1236f5e17a5210f7e6291359ceddbb88d1a4d85a0214ff0857eacb665e8
